{"id":61,"date":"2020-06-04T08:10:41","date_gmt":"2020-06-04T06:10:41","guid":{"rendered":"http:\/\/localhost\/as-performance\/?page_id=61"},"modified":"2021-11-20T19:34:45","modified_gmt":"2021-11-20T18:34:45","slug":"leistungen","status":"publish","type":"page","link":"https:\/\/www.as-performance-gmbh.de\/index.php\/leistungen\/","title":{"rendered":"Leistungen"},"content":{"rendered":"\n<div class=\"wp-block-media-text alignwide is-stacked-on-mobile is-vertically-aligned-center\" style=\"grid-template-columns:35% auto\"><figure class=\"wp-block-media-text__media\"><video controls src=\"https:\/\/www.as-performance-gmbh.de\/wp-content\/uploads\/2021\/11\/20211025_144641.mp4\"><\/video><\/figure><div class=\"wp-block-media-text__content\"><!-- wp:paragraph {\"placeholder\":\"Inhalt\u2026\",\"style\":{\"typography\":{\"fontSize\":\"25px\"},\"color\":{\"text\":\"#fff375\"}}}--><div class=\"gridContainer\">\n<p class=\"has-text-color\" style=\"color:#fff375;font-size:25px\"><strong><em>Die OPTI-COAT THE ULTIMATE Vollaufbereitungen sind die gr\u00f6\u00dften und Umfangreichsten Aufbereitungen denn sie sind sehr Aufw\u00e4ndig und beinhalten den Gesamten Spektrum des Fahrzeugs hier wird DETAILING gro\u00df geschrieben und kann mehrere Tage in Anspruch nehmen denn hier wo Detailer Anfangen h\u00f6ren Aufbereiter auf.<\/em><\/strong><\/p>\n<\/div><!-- \/wp:paragraph--><\/div><\/div>\n\n\n<!-- wp:group--><div class=\"gridContainer\">\n<div class=\"wp-block-group\"><!-- wp:table {\"style\":{\"color\":{\"text\":\"#fbff75\"}},\"backgroundColor\":\"cyan-bluish-gray\"}--><div class=\"gridContainer\">\n<figure class=\"wp-block-table\"><table class=\"has-cyan-bluish-gray-background-color has-text-color has-background\" style=\"color:#fbff75\"><thead><tr><th class=\"has-text-align-left\" data-align=\"left\"><strong><em>Keramikversiegelung<\/em><\/strong> OPTI-COAT THE ULTIMATE PAKET <\/th><th><strong><em>Preise<\/em><\/strong><\/th><\/tr><\/thead><tbody><tr><td class=\"has-text-align-left\" data-align=\"left\"><strong><em>OPTI-COAT THE ULTIMATE<\/em><\/strong> ( Permanente Keramikversiegelung mit Zertifikat und 7 Jahren Gew\u00e4hrleistung) n\u00e4here Informationen \u00fcber Inhalt bei Anruf oder pers\u00f6nlicher Beratung<\/td><td><strong><em>ab 1.000<\/em><\/strong><\/td><\/tr><\/tbody><\/table><figcaption> <strong><em>* Alle Angebote sind Nettopreise, die MwSt i.H.v. 19%. Wird in der Rechnung zum Bruttobetrag gesondert ausgewiesen.<\/em><\/strong> *<strong><em> Der Preis erschlie\u00dft sich \u00fcber Gr\u00f6\u00dfe und Aufwand des Fahrzeugs.<\/em><\/strong>  <\/figcaption><\/figure>\n<\/div><!-- \/wp:table--><\/div>\n<\/div><!-- \/wp:group--><\/div>\n<\/div><!-- \/wp:column--><\/div>\n<\/div><!-- \/wp:columns-->\n\n<!-- wp:paragraph {\"style\":{\"color\":{\"text\":\"#fff25d\"}},\"fontSize\":\"large\"}--><div class=\"gridContainer\">\n<p class=\"has-text-color has-large-font-size\" style=\"color:#fff25d\"><strong><em>Folierungen<\/em><\/strong><\/p>\n<\/div><!-- \/wp:paragraph-->\n\n<!-- wp:image {\"id\":899,\"sizeSlug\":\"large\",\"linkDestination\":\"none\",\"className\":\"is-style-default\"}--><div class=\"gridContainer\">\n<figure class=\"wp-block-image size-large is-style-default\"><img loading=\"lazy\" decoding=\"async\" width=\"1080\" height=\"608\" src=\"https:\/\/www.as-performance-gmbh.de\/wp-content\/uploads\/2021\/11\/IMG_20210218_120016_716-edited.jpg\" alt=\"\" class=\"wp-image-899\" srcset=\"https:\/\/www.as-performance-gmbh.de\/wp-content\/uploads\/2021\/11\/IMG_20210218_120016_716-edited.jpg 1080w, https:\/\/www.as-performance-gmbh.de\/wp-content\/uploads\/2021\/11\/IMG_20210218_120016_716-edited-300x169.jpg 300w, https:\/\/www.as-performance-gmbh.de\/wp-content\/uploads\/2021\/11\/IMG_20210218_120016_716-edited-1024x576.jpg 1024w, https:\/\/www.as-performance-gmbh.de\/wp-content\/uploads\/2021\/11\/IMG_20210218_120016_716-edited-768x432.jpg 768w, https:\/\/www.as-performance-gmbh.de\/wp-content\/uploads\/2021\/11\/IMG_20210218_120016_716-edited-600x338.jpg 600w\" sizes=\"auto, (max-width: 1080px) 100vw, 1080px\" \/><\/figure>\n<\/div><!-- \/wp:image-->\n\n<!-- wp:table {\"style\":{\"color\":{\"text\":\"#fff86a\"}},\"backgroundColor\":\"cyan-bluish-gray\"}--><div class=\"gridContainer\">\n<figure class=\"wp-block-table\"><table class=\"has-cyan-bluish-gray-background-color has-text-color has-background\" style=\"color:#fff86a\"><tbody><tr><td><strong><em>Deisgns<\/em><\/strong><br> <strong><em>Schwarz matt<br>&nbsp;Schwarz Glanz<br>&nbsp;Schwarz metallic<br>&nbsp;Alpina Wei\u00df<br>&nbsp;Andere Farben auf Anfrage<\/em><\/strong> <\/td><td><strong><em>ab290<\/em><\/strong><\/td><td><\/td><\/tr><tr><td><strong><em>Teilfolierung <br>&nbsp;Schwarz matt<br>&nbsp;Schwarz Glanz<br>&nbsp;Schwarz metallic<br>&nbsp;Alpina Wei\u00df<br>&nbsp;Andere Farben auf Anfrage<\/em><\/strong><\/td><td> <strong><em>ab790\u20ac&nbsp; <\/em><\/strong><\/td><td><\/td><\/tr><tr><td><strong><em>Vollfolierung<\/em><\/strong><br> <strong><em>Schwarz matt<br>&nbsp;Schwarz Glanz<br>&nbsp;Schwarz metallic<br>&nbsp;Alpina Wei\u00df<br>&nbsp;Andere Farben auf Anfrage<\/em><\/strong> <\/td><td> <strong><em>ab1.499\u20ac&nbsp; <\/em><\/strong><\/td><td><\/td><\/tr><\/tbody><\/table><figcaption> <strong><em>* Alle Angebote sind Nettopreise, die MwSt i.H.v. 19%. Wird in der Rechnung zum Bruttobetrag gesondert ausgewiesen.<\/em><\/strong> *<strong><em> Der Preis erschlie\u00dft sich \u00fcber Gr\u00f6\u00dfe und Aufwand des Fahrzeugs.<\/em><\/strong> <\/figcaption><\/figure>\n<\/div><!-- \/wp:table-->\n\n<!-- wp:paragraph {\"style\":{\"color\":{\"text\":\"#ffff68\"}},\"fontSize\":\"large\"}--><div class=\"gridContainer\">\n<p class=\"has-text-color has-large-font-size\" style=\"color:#ffff68\"><strong><em>Transport<\/em><\/strong>, <strong><em>ab und hol Service<\/em><\/strong><\/p>\n<\/div><!-- \/wp:paragraph-->\n\n<!-- wp:image {\"id\":940,\"sizeSlug\":\"large\",\"linkDestination\":\"none\",\"className\":\"is-style-default\"}--><div class=\"gridContainer\">\n<figure class=\"wp-block-image size-large is-style-default\"><img loading=\"lazy\" decoding=\"async\" width=\"1024\" height=\"576\" src=\"https:\/\/www.as-performance-gmbh.de\/wp-content\/uploads\/2021\/11\/IMG_20210717_221656-1024x576.jpg\" alt=\"\" class=\"wp-image-940\" srcset=\"https:\/\/www.as-performance-gmbh.de\/wp-content\/uploads\/2021\/11\/IMG_20210717_221656-1024x576.jpg 1024w, https:\/\/www.as-performance-gmbh.de\/wp-content\/uploads\/2021\/11\/IMG_20210717_221656-300x169.jpg 300w, https:\/\/www.as-performance-gmbh.de\/wp-content\/uploads\/2021\/11\/IMG_20210717_221656-768x432.jpg 768w, https:\/\/www.as-performance-gmbh.de\/wp-content\/uploads\/2021\/11\/IMG_20210717_221656-1536x864.jpg 1536w, https:\/\/www.as-performance-gmbh.de\/wp-content\/uploads\/2021\/11\/IMG_20210717_221656-2048x1152.jpg 2048w, https:\/\/www.as-performance-gmbh.de\/wp-content\/uploads\/2021\/11\/IMG_20210717_221656-1232x693.jpg 1232w, https:\/\/www.as-performance-gmbh.de\/wp-content\/uploads\/2021\/11\/IMG_20210717_221656-1920x1080.jpg 1920w, https:\/\/www.as-performance-gmbh.de\/wp-content\/uploads\/2021\/11\/IMG_20210717_221656-600x338.jpg 600w\" sizes=\"auto, (max-width: 1024px) 100vw, 1024px\" \/><\/figure>\n<\/div><!-- \/wp:image-->\n\n<!-- wp:table {\"style\":{\"color\":{\"text\":\"#fffd6e\"}},\"backgroundColor\":\"cyan-bluish-gray\"}--><div class=\"gridContainer\">\n<figure class=\"wp-block-table\"><table class=\"has-cyan-bluish-gray-background-color has-text-color has-background\" style=\"color:#fffd6e\"><tbody><tr><td><strong><em>Hol und  Bring Service, \u00dcberf\u00fchrung, Geschlossener Transport <\/em><\/strong><\/td><td><\/td><\/tr><tr><td><strong><em>Bei Buchung des OPTI-COAT THE ULTIMATE Pakets bei 50 KM Radius inbegriffen.<\/em><\/strong><br><br>*<strong><em>Alle Transporte sind Voll Versichert und per GPS zu Orten <\/em><\/strong><\/td><td><strong><em>1,20<strong><em>\u20ac<\/em><\/strong>  pro KM<\/em><\/strong><\/td><\/tr><\/tbody><\/table><figcaption>  <strong><em> <strong><em>* Alle Angebote sind Nettopreise, die MwSt i.H.v. 19%. Wird in der Rechnung zum Bruttobetrag gesondert ausgewiesen.<\/em><\/strong> *<strong><em> Der Preis erschlie\u00dft sich \u00fcber Gr\u00f6\u00dfe und Aufwand des Fahrzeugs.<\/em><\/strong>  <\/em><\/strong><\/figcaption><\/figure>\n<\/div><!-- \/wp:table-->\n\n<!-- wp:paragraph {\"style\":{\"color\":{\"text\":\"#ffff7c\"}},\"fontSize\":\"large\"}--><div class=\"gridContainer\">\n<p class=\"has-text-color has-large-font-size\" style=\"color:#ffff7c\"><strong><em>Alufelgeninstandsetzung, Lackierungen, Styling<\/em><\/strong><\/p>\n<\/div><!-- \/wp:paragraph-->\n\n<!-- wp:image {\"id\":902,\"sizeSlug\":\"full\",\"linkDestination\":\"none\"}--><div class=\"gridContainer\">\n<figure class=\"wp-block-image size-full\"><img loading=\"lazy\" decoding=\"async\" width=\"960\" height=\"540\" src=\"https:\/\/www.as-performance-gmbh.de\/wp-content\/uploads\/2021\/11\/17270690_1296839787073840_1890171788_n-edited.jpg\" alt=\"\" class=\"wp-image-902\" srcset=\"https:\/\/www.as-performance-gmbh.de\/wp-content\/uploads\/2021\/11\/17270690_1296839787073840_1890171788_n-edited.jpg 960w, https:\/\/www.as-performance-gmbh.de\/wp-content\/uploads\/2021\/11\/17270690_1296839787073840_1890171788_n-edited-300x169.jpg 300w, https:\/\/www.as-performance-gmbh.de\/wp-content\/uploads\/2021\/11\/17270690_1296839787073840_1890171788_n-edited-768x432.jpg 768w, https:\/\/www.as-performance-gmbh.de\/wp-content\/uploads\/2021\/11\/17270690_1296839787073840_1890171788_n-edited-600x338.jpg 600w\" sizes=\"auto, (max-width: 960px) 100vw, 960px\" \/><\/figure>\n<\/div><!-- \/wp:image-->\n\n<!-- wp:table {\"style\":{\"color\":{\"text\":\"#fffd7b\"}},\"backgroundColor\":\"cyan-bluish-gray\"}--><div class=\"gridContainer\">\n<figure class=\"wp-block-table\"><table class=\"has-cyan-bluish-gray-background-color has-text-color has-background\" style=\"color:#fffd7b\"><tbody><tr><td><strong><em>Felgenbetten Polieren<\/em><\/strong><br>*Besch\u00e4digungen wie leichte Bordsteinsch\u00e4den oder Steinschl\u00e4ge, werden soweit technisch vertretbar, ohne Aufpreis beseitigt. Entlacken des Felgenbettes ist im Preis inbegriffen.<\/td><td><strong><em>Felgengr\u00f6\u00dfe<\/em><\/strong><\/td><td><strong><em>Preis pro Felge<\/em><\/strong><\/td><\/tr><tr><td><strong><em>Einteilige Felgen\/Felgenstern<\/em><\/strong><\/td><td><strong><em>bis 26 Zoll<\/em><\/strong><\/td><td><strong><em>ab 65<\/em><\/strong> <strong><em><strong><em>\u20ac<\/em><\/strong><\/em><\/strong> <\/td><\/tr><\/tbody><\/table><figcaption><strong><em>*Das Zusammensetzen von mehrteiligen Felgen inklusive der Abdichtung berechnen wir mit einem Aufpreis von 35 Euro pro Felge.<\/em><\/strong><\/figcaption><\/figure>\n<\/div><!-- \/wp:table-->\n\n<!-- wp:table {\"style\":{\"color\":{\"text\":\"#fffd73\"}},\"backgroundColor\":\"cyan-bluish-gray\"}--><div class=\"gridContainer\">\n<figure class=\"wp-block-table\"><table class=\"has-cyan-bluish-gray-background-color has-text-color has-background\" style=\"color:#fffd73\"><tbody><tr><td><strong><em>PKW Felgen<\/em><\/strong>,<br><strong><em>Felgensch\u00e4den Instandsetzen\/Lackieren\/Felgenteile<\/em><\/strong><br>*Je nach Aufwand berechnen wir den Preis nach Absprache und Begutachtung der Sch\u00e4den. Wir senden Ihnen gerne ein Angebot zu wenn Sie uns ein detailliertes Bild der besch\u00e4digten Felgen zusenden.<\/td><td><strong><em>Preis pro Felge<\/em><\/strong><\/td><\/tr><tr><td><strong><em>CNC Glanzdrehen inklusive Klarlack<\/em><\/strong><\/td><td><strong><em>ab 150<\/em><\/strong> <strong><em><strong><em>\u20ac<\/em><\/strong><\/em><\/strong> <\/td><\/tr><tr><td><strong><em>Reparatur starker Bordsteinsch\u00e4den (Aufschwei\u00dfen)<\/em><\/strong><\/td><td><strong><em>ab 65<\/em><\/strong> <strong><em><strong><em>\u20ac<\/em><\/strong><\/em><\/strong> <\/td><\/tr><tr><td><strong><em>Neues Felgenbett f\u00fcr mehrteilige Felgen<\/em><\/strong><\/td><td><strong><em>auf Anfrage<\/em><\/strong><\/td><\/tr><tr><td><strong><em>Lackieren inkl. Bordsteinsch\u00e4denreparatur<br>(Gesamtsichtfl\u00e4che wird lackiert)<\/em><\/strong><\/td><td><strong><em>ab 150<\/em><\/strong> <strong><em><strong><em>\u20ac<\/em><\/strong><\/em><\/strong> <\/td><\/tr><tr><td><strong><em>Pulverbeschichten inkl. Bordsteinsch\u00e4denreparatur (3-Schicht Grundieren, Beschichten, Klarlack)<br>(Candy-Farben auf Anfrage)<\/em><\/strong><\/td><td><strong><em>ab 120<\/em><\/strong> <strong><em><strong><em>\u20ac<\/em><\/strong><\/em><\/strong> <\/td><\/tr><tr><td><strong><em>Rundlaufinstandsetzung (pro H\u00f6henzoll)<\/em><\/strong><\/td><td><strong><em>5<\/em><\/strong> <strong><em><strong><em>\u20ac<\/em><\/strong><\/em><\/strong> <\/td><\/tr><tr><td><strong><em>Felgen- und Zierschrauben<\/em><\/strong><\/td><td><strong><em>auf Anfrage<\/em><\/strong><\/td><\/tr><\/tbody><\/table><figcaption> <strong><em>* Alle Angebote sind Nettopreise, die MwSt i.H.v. 19%. Wird in der Rechnung zum Bruttobetrag gesondert ausgewiesen.<\/em><\/strong> *<strong><em> Der Preis erschlie\u00dft sich \u00fcber Gr\u00f6\u00dfe und Aufwand des Fahrzeugs.<\/em><\/strong>  <\/figcaption><\/figure>\n<\/div><!-- \/wp:table-->","protected":false},"excerpt":{"rendered":"<p>Unsere Preise Pakete Preise Aufbereitung und Detailing Paket Preis brutto beinhaltet Paket 1 ab 250,00 \u20ac Einsch\u00e4umen des Fahrzeuges mit Reinigungschaum (Snow-Foam)Intensivreinigung GlanzpolierenVersiegelung(Innenreinigung nach Absprache) Der letztendliche Preis richtet sich nach dem individuell besprochenen Leistungsumfang sowie der Gr\u00f6\u00dfe und dem Verschmutzungsgrad des Fahrzeugs. Paket 2 ab 350,00 \u20ac 2-Eimer Handw\u00e4sche mit pH neutralem ShampooEinsch\u00e4umen des&nbsp;&hellip;<\/p>\n","protected":false},"author":1,"featured_media":0,"parent":0,"menu_order":0,"comment_status":"closed","ping_status":"closed","template":"","meta":{"footnotes":""},"class_list":["post-61","page","type-page","status-publish","hentry"],"_links":{"self":[{"href":"https:\/\/www.as-performance-gmbh.de\/index.php\/wp-json\/wp\/v2\/pages\/61","targetHints":{"allow":["GET"]}}],"collection":[{"href":"https:\/\/www.as-performance-gmbh.de\/index.php\/wp-json\/wp\/v2\/pages"}],"about":[{"href":"https:\/\/www.as-performance-gmbh.de\/index.php\/wp-json\/wp\/v2\/types\/page"}],"author":[{"embeddable":true,"href":"https:\/\/www.as-performance-gmbh.de\/index.php\/wp-json\/wp\/v2\/users\/1"}],"replies":[{"embeddable":true,"href":"https:\/\/www.as-performance-gmbh.de\/index.php\/wp-json\/wp\/v2\/comments?post=61"}],"version-history":[{"count":45,"href":"https:\/\/www.as-performance-gmbh.de\/index.php\/wp-json\/wp\/v2\/pages\/61\/revisions"}],"predecessor-version":[{"id":1096,"href":"https:\/\/www.as-performance-gmbh.de\/index.php\/wp-json\/wp\/v2\/pages\/61\/revisions\/1096"}],"wp:attachment":[{"href":"https:\/\/www.as-performance-gmbh.de\/index.php\/wp-json\/wp\/v2\/media?parent=61"}],"curies":[{"name":"wp","href":"https:\/\/api.w.org\/{rel}","templated":true}]}}